02149
List the prime factors of 4817040496.
2, 883, 340957
List the prime factors of 190254064.
2, 7, 11, 13, 1697
What are the prime factors of 1859292365?
5, 7, 37, 191, 7517
What are the prime factors of 949314344?
2, 11, 10787663
List the prime factors of 4723713980.
2, 5, 1187, 198977
What are the prime factors of 13002805?
5, 2600561
List the prime factors of 712851297.
3, 41, 829, 6991
List the prime factors of 201853923.
3, 71, 421, 2251
List the prime factors of 501222570.
2, 3, 5, 31, 47, 11467
List the prime factors of 363235356.
2, 3, 11, 139, 6599
What are the prime factors of 18749539?
73, 101, 2543
List the prime factors of 107605423.
53, 2030291
What are the prime factors of 430236044?
2, 7, 15365573
What are the prime factors of 916920601?
19, 48258979
What are the prime factors of 27332000?
2, 5, 6833
List the prime factors of 3924380.
2, 5, 239, 821
What are the prime factors of 447397869?
3, 149132623
List the prime factors of 3554027232.
2, 3, 7, 97, 7789
List the prime factors of 4890702213.
3, 181137119
What are the prime factors of 9045046?
2, 4522523
List the prime factors of 60038361.
3, 127, 17509
What are the prime factors of 56867685?
3, 5, 7, 1579
What are the prime factors of 1843825047?
3, 614608349
What are the prime factors of 134448480?
2, 3, 5, 73, 1279
List the prime factors of 2374659836.
2, 199, 389, 7669
List the prime factors of 155642413.
31, 43, 59, 1979
What are the prime factors of 254800096?
2, 7962503
List the prime factors of 3021365853.
3, 11, 3390983
What are the prime factors of 266359069?
266359069
What are the prime factors of 1571643?
3, 19403
What are the prime factors of 386604091?
386604091
What are the prime factors of 669574578?
2, 3, 937, 119099
List the prime factors of 131831235.
3, 5, 521, 5623
What are the prime factors of 4394512440?
2, 3, 5, 1356331
List the prime factors of 319384181.
1231, 259451
What are the prime factors of 29084508?
2, 3, 89767
What are the prime factors of 57452225?
5, 2298089
List the prime factors of 5148205091.
571, 9016121
What are the prime factors of 740702159?
740702159
What are the prime factors of 1430303840?
2, 5, 7, 17, 43, 1747
What are the prime factors of 14642910?
2, 3, 5, 193, 281
What are the prime factors of 1174123366?
2, 13, 23, 109, 18013
List the prime factors of 2077128975.
3, 5, 43, 67, 9613
What are the prime factors of 44935339?
787, 57097
List the prime factors of 485754.
2, 3, 19, 4261
List the prime factors of 2722899280.
2, 5, 34036241
List the prime factors of 24267806.
2, 17, 23, 31033
List the prime factors of 212346119.
7699, 27581
List the prime factors of 678525775.
5, 27141031
List the prime factors of 1222952695.
5, 244590539
What are the prime factors of 292261814?
2, 13, 523, 21493
List the prime factors of 500027174.
2, 467, 535361
List the prime factors of 2118504703.
7, 2521, 120049
What are the prime factors of 66150526?
2, 13, 47, 54133
List the prime factors of 22104361.
263, 84047
What are the prime factors of 983352?
2, 3, 40973
What are the prime factors of 957194961?
3, 293, 1088959
What are the prime factors of 151795033?
13, 409, 28549
List the prime factors of 362762516.
2, 19, 4773191
What are the prime factors of 31293668?
2, 7, 17, 29, 2267
What are the prime factors of 953417670?
2, 3, 5, 31780589
List the prime factors of 380102500.
2, 5, 152041
List the prime factors of 6937565857.
31, 53, 1747, 2417
What are the prime factors of 38276549?
29, 109, 12109
List the prime factors of 926039285.
5, 31, 5974447
What are the prime factors of 50202160?
2, 5, 181, 3467
List the prime factors of 73956170.
2, 5, 19, 269, 1447
List the prime factors of 127521115.
5, 25504223
List the prime factors of 11367718.
2, 5683859
What are the prime factors of 440917070?
2, 5, 11, 53, 75629
List the prime factors of 595352879.
11, 769, 70381
List the prime factors of 4309444229.
4309444229
What are the prime factors of 3125889127?
17, 73, 2518847
List the prime factors of 104508975.
3, 5, 1393453
List the prime factors of 902217055.
5, 83, 2174017
List the prime factors of 4781104.
2, 298819
What are the prime factors of 201273858?
2, 3, 37, 302213
List the prime factors of 201007909.
73, 2753533
List the prime factors of 222688975.
5, 1033, 8623
List the prime factors of 3747318274.
2, 7, 267665591
List the prime factors of 493687179.
3, 3571, 15361
List the prime factors of 2631293313.
3, 11, 79736161
What are the prime factors of 3700936200?
2, 3, 5, 13, 474479
What are the prime factors of 1112199147?
3, 59, 157, 4447
List the prime factors of 59176616.
2, 37, 199921
List the prime factors of 560761369.
7, 347, 230861
List the prime factors of 184421149.
11, 157, 106787
List the prime factors of 4187536602.
2, 3, 697922767
List the prime factors of 653793807.
3, 217931269
List the prime factors of 58937996.
2, 13, 241, 4703
What are the prime factors of 354678519?
3, 13, 9094321
What are the prime factors of 569026193?
17, 19, 1761691
What are the prime factors of 3147383426?
2, 11, 409, 349787
What are the prime factors of 62952667?
967, 65101
What are the prime factors of 30022825?
5, 7, 171559
List the prime factors of 2399582649.
3, 1303, 613861
List the prime factors of 155970051.
3, 2677, 19421
List the prime factors of 447093121.
10657, 41953
List the prime factors of 7396472096.
2, 13, 971, 18311
What are the prime factors of 132702373?
132702373
What are the prime factors of 541738789?
541738789
What are the prime factors of 20417613?
3, 6805871
List the prime factors of 32112093.
3, 13, 71, 11597
List the prime factors of 99041873.
7, 29, 487891
What are the prime factors of 1156541751?
3, 79, 673, 2417
List the prime factors of 332498070.
2, 3, 5, 17, 217319
What are the prime factors of 314947212?
2, 3, 311, 84391
What are the prime factors of 2401997571?
3, 23, 269, 4793
List the prime factors of 1353254808.
2, 3, 17, 359, 9239
List the prime factors of 266871260.
2, 5, 13343563
What are the prime factors of 1718957366?
2, 7, 79, 281, 5531
List the prime factors of 92041470.
2, 3, 5, 1022683
What are the prime factors of 36174082?
2, 7, 2583863
What are the prime factors of 330395708?
2, 283, 291869
List the prime factors of 3354603080.
2, 5, 83865077
What are the prime factors of 20784870?
2, 3, 5, 23, 3347
What are the prime factors of 2205576258?
2, 3, 947, 388169
What are the prime factors of 16394128?
2, 1024633
List the prime factors of 1457248503.
3, 101, 4809401
What are the prime factors of 119132766?
2, 3, 6618487
What are the prime factors of 3856269511?
17, 226839383
What are the prime factors of 434043159?
3, 11, 3119, 4217
What are the prime factors of 656056839?
3, 218685613
List the prime factors of 513014182.
2, 97, 2644403
What are the prime factors of 48936490?
2, 5, 53, 92333
What are the prime factors of 112465640?
2, 5, 7, 43, 9341
What are the prime factors of 294521827?
7741, 38047
What are the prime factors of 111928811?
37, 41, 73783
What are the prime factors of 26701064?
2, 13, 73, 3517
What are the prime factors of 29444351?
29444351
What are the prime factors of 1476672993?
3, 103, 149, 10691
What are the prime factors of 346276163?
659, 525457
What are the prime factors of 36294021?
3, 43, 727
What are the prime factors of 984000369?
3, 11, 41, 727273
List the prime factors of 38196670.
2, 5, 173, 22079
List the prime factors of 231099216.
2, 3, 23, 353, 593
What are the prime factors of 77907797?
11, 61, 116107
What are the prime factors of 643964069?
7, 91994867
What are the prime factors of 4122399596?
2, 7, 137, 153523
What are the prime factors of 46722014?
2, 23361007
List the prime factors of 4849326283.
79, 401, 153077
What are the prime factors of 139053035?
5, 11, 79, 32003
List the prime factors of 45890726.
2, 7, 31, 41, 2579
List the prime factors of 1082312437.
131, 223, 37049
What are the prime factors of 30432361?
30432361
List the prime factors of 82371761.
2803, 29387
List the prime factors of 337848058.
2, 23, 191, 38453
List the prime factors of 198212918.
2, 8867, 11177
List the prime factors of 31914796.
2, 7978699
List the prime factors of 3351362441.
7, 478766063
List the prime factors of 854852593.
7, 59, 2069861
List the prime factors of 1338